 = s**3 + 2*s**2 - 3*s + 4. Let t be r(4). What is the highest common factor of f and t?
11
Let d(a) = 21*a - 112. Let x be d(9). What is the greatest common divisor of x and 539?
77
Suppose -4*v - 2160 = -16*v. Calculate the greatest common divisor of v and 108.
36
Let u(h) = 17*h + 41. Let l be u(6). Calculate the greatest common factor of l and 104.
13
Suppose -3*z + 5*z - 40 = 0. Let o be 0 + 1/1 + -1. Suppose -5*g + o = -50. What is the greatest common factor of g and z?
10
Let p(i) = 4*i - 4. Let r(l) = -6*l + 2 + 0*l**2 - 2*l**2 - l**3 + 6*l. Let o be r(-3). Let q be p(o). What is the greatest common factor of q and 60?
20
Let b(t) = 4*t + 226. Let w(g) = g + 45. Let n(u) = -2*b(u) + 11*w(u). Let j be n(23). Calculate the highest common divisor of 16 and j.
16
Suppose 0 = -3*c - 16*z + 21*z + 59, 3*c + 2*z = 52. What is the greatest common factor of 99 and c?
9
Let j(x) = 29*x + 503. Let c be j(-17). Calculate the highest common divisor of 360 and c.
10
Let r(o) = -o**3 - 2*o**2 + 8. Let h(j) = j - 2. Let i be h(4). Suppose 0 = -4*b - i - 14. Let t be r(b). What is the highest common factor of 10 and t?
10
Let d be (-3 + -2 - 4)*-1. Suppose d*y = y + 248. Calculate the greatest common factor of y and 93.
31
Let v(w) = -7*w**3 - 4*w**2 - 3*w - 2. Let o be v(-2). Let q be 338 + 33/(495/210). What is the greatest common divisor of q and o?
44
Let z(h) = -h**2 - 10*h + 11. Let p be z(-9). Let d = p + -1. Suppose -2*v + 230 - 40 = 0. What is the greatest common divisor of v and d?
19
Let p = -6 - -81. Suppose p = 2*u - 15. What is the greatest common divisor of 9 and u?
9
Let x = 920 + -910. Calculate the highest common factor of 80 and x.
10
Suppose 4*a - 10 = y, -a - 4*y - 6 = -0*a. Suppose 4*v = -3*s + 49, -3*s + a*v = 2*s - 125. What is the highest common divisor of s and 23?
23
Let t(l) = 2*l**2 + 27*l + 19. Let k be t(-13). Suppose 2*f + y = k*y + 20, 5*f + 2*y - 79 = 0. Calculate the greatest common factor of f and 120.
15
Suppose -4*t - 2 = 14, 2*t + 22 = y. Calculate the highest common factor of 434 and y.
14
Suppose 8 = 3*y - 0*y + 2*u, 2*u + 24 = 5*y. Suppose 0 = -y*b + b + 63. Suppose -6*m = -9*m + b. Calculate the greatest common factor of m and 35.
7
Suppose 38*j = 5537 + 1113. Calculate the highest common divisor of j and 35.
35
Suppose -9 = s - 23. Let o(h) = h**2 - h - 2. Let y be o(2). Let c(q) = q**3 - 2*q + 70. Let n be c(y). What is the greatest common factor of n and s?
14
Let g = -12 - -33. Suppose 2*a - g = a. Let y be 96/a - 15/(-35). What is the greatest common factor of 5 and y?
5
Suppose h + 2*f = 9, 18 = 5*h - 2*f - 15. Suppose -4*k = 4*j - 364, 4*k - 60 = 4*j - 424. Calculate the highest common divisor of j and h.
7
Let s(c) = 2*c**2 - 11*c + 9. Let a be s(7). Suppose -o = -3*o + 4*v + 50, 60 = 3*o - 3*v. What is the highest common divisor of o and a?
15
Let c(o) = o**3 + 4*o**2 + o + 4. Let j be c(-3). Suppose 0 = -3*f - 2*g + 6, 5*f - j = -0*f - 5*g. What is the highest common factor of f and 2?
2
Let c = -2487 + 2532. Calculate the greatest common factor of c and 420.
15
Let s(n) = n**3 - 14*n**2 + 3*n - 36. Let v be s(14). Let g(k) = -22*k. Let w be g(-3). Calculate the highest common divisor of v and w.
6
Let f(u) = 2*u**2 - 59*u - 184. Let h be f(-3). Let w = -58 + 102. Calculate the highest common divisor of h and w.
11
Suppose 5*k + 2*z = 8 + 14, -5*z = -5. Let m be 36/(-7)*(-14)/k*5. Calculate the highest common divisor of 45 and m.
45
Let a = 55 - 48. Suppose 9*d = a*d + 40. Calculate the highest common factor of 70 and d.
10
Let g(o) = -7*o**3 - o**2 - 4*o - 5. Let l be g(-3). Suppose -2*p + 4 = -0*p. Suppose p*f - 37 = -3. What is the greatest common divisor of f and l?
17
Let j be 4/(-40)*2 - (-481)/5. Let a = 249 - j. What is the greatest common divisor of a and 17?
17
Suppose -5*n = -3*m - 30, -5*n + 8 = -4*m - 22. Let g(l) = -6*l**2 + 36*l + 5. Let k be g(n). What is the greatest common factor of 20 and k?
5
Let d(t) = t + 10. Let h be d(-6). Suppose -2*q + 4*q = -h. Let n be 1250/35 + q/(-7). What is the greatest common divisor of 4 and n?
4
Let f be (-2)/8 + 15/60. Suppose f*r - 6*r = -144. Suppose -v = 5*v - r. What is the greatest common divisor of 36 and v?
4
Let p be (-1086)/(-8) - (-3)/12. Let x be 3*2 - 54/(-18). Suppose 0 = -7*l + x*l - 34. What is the greatest common factor of l and p?
17
Let p(q) = -9*q - 98. Let d be p(-11). Let x = -3 - -5. What is the highest common divisor of x and d?
1
Let l = -174 - -339. Suppose -8*z - l = -613. Calculate the highest common factor of z and 8.
8
Suppose -3*m = -2*m - 9. Let a be 2/(-10) - 64/5. Let l(b) = -3*b + 6. Let f be l(a). Calculate the highest common divisor of f and m.
9
Let i be 1 + (21 - -2) + 3. Let m = -556 + 853. What is the greatest common divisor of i and m?
27
Suppose -29 = -p + 4*d, 0 = 5*d - 16 + 26. Suppose 0 = -5*f + 155 + 20. Calculate the greatest common factor of p and f.
7
Let p be 1 + (-3)/(-1) + 2. Suppose 30 = -p*u + u. Let a = u - -19. Calculate the greatest common factor of 143 and a.
13
Suppose 4*d + 4*j = 3*d + 30, -3*d + 2*j + 104 = 0. Suppose -168 = d*a - 37*a. What is the greatest common divisor of 8 and a?
8
Suppose 16 = 4*g, 3*m + 781 = g + 3660. What is the highest common divisor of 31 and m?
31
Let o(l) = -l**3 + 9*l**2 - 8*l - 29. Let v be o(7). Calculate the greatest common divisor of v and 65.
13
Suppose 0 = 9*h - 348 - 498. What is the greatest common divisor of h and 329?
47
Let p = -243 - -355. Let o be (2 + -10)*(-28)/8. What is the highest common factor of p and o?
28
Let c = 684 + -189. Calculate the highest common factor of c and 11.
11
Let b = -60 + 64. Suppose -4*k - k = -v + 82, 4*v - 280 = -b*k. What is the highest common factor of v and 8?
8
Suppose 0 = 3*z - 142 - 119. Let h = z - 31. What is the highest common factor of h and 7?
7
Suppose -18 + 0 = -4*d + 2*c, 3*c = d - 7. Let q = -15 + 25. What is the highest common divisor of d and q?
2
Let p = -36 - -36. Suppose 4*m - 5*y + p*y = 110, 5*y = 10. Calculate the greatest common factor of m and 30.
30
Let a be ((-1122)/1)/((-12)/42*7). Calculate the greatest common divisor of a and 68.
17
Let k be (12/14)/((-3)/(-84)). Let b = 43 - 38. Suppose -34 = -3*h - n, -6*h + 4*h = b*n - 14. What is the greatest common divisor of k and h?
12
Suppose 0*g - 2*g = 6, 2*l + 2*g + 22 = 0. Let k be 1*l - -4 - -23. What is the highest common divisor of k and 76?
19
Suppose 2*d - 442 = -300. Calculate the greatest common divisor of d and 710.
71
Suppose 0 = 7*i - 10*i. Suppose 2*q - 7 - 15 = i. Calculate the highest common factor of 1 and q.
1
Let w = -4 + 13. Suppose 3*d - w = -0*d. Suppose d*i - 5*s = -11, 0 = -i - 2*s - s + 15. Calculate the greatest common divisor of i and 24.
3
Suppose -x + 5*f + 35 = 4, -3*x + 38 = -4*f. Suppose -10 = -4*k + x. Calculate the highest common divisor of 8 and k.
4
Let f(t) = 2*t**2 + 3*t - 4. Let v be f(-3). Suppose -31 = -v*m + 29. What is the greatest common factor of 4 and m?
4
Let y(m) = m**3 + 19*m**2 + 16*m - 5. Let z be y(-18). Calculate the highest common factor of z and 1.
1
Let o(u) be the third derivative of -u**6/120 - u**5/5 + 7*u**4/12 + 29*u**3/6 + 11*u**2. Let h be o(-13). What is the greatest common divisor of h and 4?
4
Let g = -683 + 732. What is the highest common factor of g and 343?
49
Suppose 4*l - 31 = -11. Suppose -6*a = -l*j - a - 10, -2*j + 2 = 4*a. Let y be (1 - (1 - -84))*j. Calculate the greatest common divisor of y and 12.
12
Suppose 5*z - 9 = 251. Let h = -32 + 45. What is the greatest common factor of h and z?
13
Let x be (3 + -2)/(1/16). Calculate the greatest common factor of x and 6.
2
Let k be (-596)/(-20) + 5/25. Let p be 252/k + 4/(-10). What is the greatest common divisor of p and 20?
4
Let z(x) be the third derivative of -x**4/8 - 3*x**3/2 - 9*x**2. Let p be z(-4). Suppose 6*w = p*w + 168. What is the highest common divisor of 14 and w?
14
Let z = 620 - 568. What is the greatest common factor of z and 156?
52
Let v be (-4)/(-22) + (-36048)/(-176). Calculate the highest common divisor of v and 10.
5
Let d(v) = -v**2 - 4*v - 5. Let y be d(-2). Let x be (-42)/9 - (-4)/6. Let s = y - x. What is the highest common factor of 24 and s?
3
Let m(w) = -w + 29. Suppose f = n + 2*f + 10, 5*f